Let d be y(-4). Suppose d*t - 81 = 4*t. Calculate the greatest common factor of t and g.
9
Let m be 1 - -18 - (-3)/(-1). What is the greatest common divisor of 128 and m?
16
Let k = 52 - 28. Let l = 2 + 1. Suppose 18 = l*g - 0*g. What is the greatest common factor of k and g?
6
Suppose 4*w = -c - 20, 5*c + 7*w - 3*w = -116. Let o = c - -41. What is the highest common factor of o and 153?
17
Let q(v) = v**2 + 19*v + 9. Let y be q(-19). Calculate the highest common factor of y and 36.
9
Let i = 32 - 2. Let q = i - 8. Suppose -2*a = -q - 0. Calculate the highest common factor of 77 and a.
11
Suppose -3*s + 3 = -9. Calculate the highest common factor of s and 4.
4
Suppose -b + 116 = -2*b. Let j be (-3 + (0 - -2))*b. Calculate the greatest common divisor of j and 29.
29
Let c be 3*((-48)/(-9) - 0). Let w be 2/(-8) - (-52)/c. Let u(i) = 2*i**2 + 2*i - 2. Let s be u(w). What is the greatest common divisor of 11 and s?
11
Let l(s) = s**3 - 3*s**2 + 9*s + 4. Let a be l(4). Calculate the highest common divisor of a and 8.
8
Let v be ((-10)/4)/((-24)/192). Calculate the highest common factor of 80 and v.
20
Suppose 3*x + 204 = 7*x. What is the greatest common divisor of x and 3?
3
Suppose -v = -2, 5*v + 25 + 43 = 2*d. Let g be 3/1*39/9. Calculate the highest common factor of g and d.
13
Suppose -43 = -3*t + 65. Calculate the greatest common divisor of 4 and t.
4
Suppose 11*z = 793 - 232. What is the greatest common factor of 34 and z?
17
Let j(a) = -a - 7. Suppose -13 = 4*i + 11. Let l be j(i). Let b = l - -5. What is the highest common divisor of 1 and b?
1
Let b = 37 - 16. Let s be 7*(2 - (-12)/b). What is the highest common factor of 126 and s?
18
Let a = 49 - 29. Suppose -3*n + 2*n + 3 = 0. Let f = 1 + n. Calculate the greatest common divisor of f and a.
4
Let l be -3*40/(-45)*12/16. What is the highest common divisor of l and 8?
2
Suppose -55 = -5*o + l, -4*o - 2*l + 44 = -0*o. Let y(b) = b**3 + 8*b**2 + 6*b - 6. Let f be y(-7). What is the greatest common factor of o and f?
1
Let b = 3 + 4. Calculate the greatest common factor of 35 and b.
7
Suppose -2*t + 1 = -5. Let i be t + -6*2/(-4). Let s be 68 - 4/i*-3. What is the greatest common divisor of 28 and s?
14
Suppose 7*l = 1 + 13. What is the greatest common factor of l and 4?
2
Suppose 2*z - 3*x = -3*z + 102, 60 = 4*z + 3*x. Let a = 7 - 25. Let b be (a/(-4))/(4/8). What is the highest common divisor of b and z?
9
Let u be ((-6)/8)/((-1)/20). Let x be (-3)/(-5) - 204/(-85). Calculate the highest common factor of x and u.
3
Let r = -275 + 277. Let i(p) = -p - 8. Let s be i(-6). Let w be (s + 0)/(-1 + 0). Calculate the highest common factor of w and r.
2
Suppose -94 = -5*u + 4*b, 0 = 5*u + 2*b + 2*b - 86. Calculate the greatest common factor of u and 234.
18
Let p = 10 - 14. Let g = p - -6. Calculate the highest common divisor of 10 and g.
2
Suppose 14 - 1 = 3*z + 4*c, 4*z - 5*c - 7 = 0. Let t be (1 + (-2)/(-4))*2. What is the greatest common factor of t and z?
3
Suppose -u - 35 = -6*u. Let j be (0 + 1)/((-1)/9). Let w be (-2)/(3/(j/6)). Calculate the highest common factor of u and w.
1
Suppose 15 = -2*k - 2*z - 3, -41 = 5*k + z. Let d be ((-12)/k)/(2/4). What is the highest common factor of d and 30?
3
Let g(q) = 6*q - 10. Let m be g(7). Suppose -m = -x + 12. Let v be (-1 + 2)*(-198)/(-3). Calculate the highest common divisor of x and v.
22
Let o(h) = 22*h**2 + 2*h. Let b be o(-1). Suppose 0 = q + q - 10. What is the highest common factor of b and q?
5
Let z be (-4 - -7)*(-8)/(-3). Let l = 1 - 1. Let d(y) = -y**3 - y + 32. Let s be d(l). Calculate the greatest common divisor of s and z.
8
Suppose -2*g + g = 12. Let m be -2 + 4/(g/(-279)). What is the highest common divisor of 13 and m?
13
Suppose -8*b - 9*b = -1530. Let u(v) = 3*v - 2. Let i be u(4). Calculate the greatest common divisor of i and b.
10
Let t be 31/5 + -6 - 584/(-5). Calculate the greatest common divisor of t and 156.
39
Suppose -3*z + 35 + 16 = 0. What is the greatest common divisor of 17 and z?
17
Suppose 0 = 4*t - 3*t + 2. Let d(j) = -j**3 - j**2 + 2. Let x be d(t). Calculate the greatest common divisor of x and 2.
2
Suppose -2*m + 24 = 2*m. Let c be 4/m + 74/6. Let b(i) = -i**3 + 5*i**2 - i + 1. Let h be b(4). What is the greatest common divisor of c and h?
13
Suppose 0 - 30 = -5*b. Calculate the highest common divisor of b and 30.
6
Let s be -3 + (-1 - 0 - -20). Let f = 36 - s. Calculate the highest common divisor of f and 60.
20
Let n(r) = 15*r - 1. Suppose -5*o + 4*o = -2*x - 8, -3*x = 2*o + 26. Let k = 7 + x. Let h be n(k). Calculate the highest common divisor of 84 and h.
14
Let m = -15 - -20. Suppose -m*p + 213 = -277. Calculate the highest common divisor of 14 and p.
14
Suppose -8*b + 3*b = -30. Suppose -4*a + 187 = v, -265 = -10*a + 5*a + 5*v. Calculate the highest common factor of b and a.
6
Let t be (-27 + -1)*(-66)/12. Calculate the greatest common factor of 14 and t.
14
Let i = 40 - 14. What is the greatest common factor of 65 and i?
13
Suppose 5*z - 3*f - 23 - 36 = 0, -2*z + 5*f + 16 = 0. Calculate the greatest common factor of 65 and z.
13
Suppose 5*f - 191 = -71. Let l(m) = -2*m + 6. Let b be l(0). What is the highest common divisor of f and b?
6
Let j(h) = h**3 - h**2 + h - 1. Let q be j(1). Let i be q - (-3 - -2 - 2). Suppose -o + 5 - i = 0. Calculate the greatest common factor of o and 3.
1
Suppose -s + 97 = 4*h, -4*h + 66 = -3*s - 27. Calculate the highest common divisor of h and 240.
24
Suppose 4*y - 7 - 9 = 0. Calculate the highest common divisor of 4 and y.
4
Suppose 4*c - 12 = -0*c. Suppose -5*o = -4*a + 85, o + 58 = c*a + 3*o. Calculate the highest common divisor of a and 2.
2
Suppose -5*z + 129 = -31. Calculate the highest common factor of 256 and z.
32
Suppose 0 = 3*c - 30 + 15. What is the greatest common divisor of c and 55?
5
Suppose 11 = 5*l - d, 23 + 1 = 4*l + 3*d. Suppose -l*p + 10 = 7. Calculate the highest common divisor of 4 and p.
1
Suppose 3*j + 120 = -j. Let q = j - -54. Let w(y) = -8*y - 69. Let c be w(-9). Calculate the greatest common factor of c and q.
3
Let j be 4/10 - (-1554)/15. Suppose -4*v = -528 - j. Let w = -113 + v. What is the highest common divisor of 30 and w?
15
Suppose 3*y + 3 = -0*y, -3*y = -5*s + 48. What is the highest common divisor of s and 72?
9
Let y = -6 - -9. Suppose -y*x + 13 = -2*x. Calculate the highest common factor of x and 65.
13
Let d = -43 - -128. Suppose 4*s = 131 + d. Suppose -y = -2*u - 0*u + 11, 3*u - 23 = -5*y. Calculate the highest common divisor of s and u.
6
Suppose g - 2*s = 27, -g + 2*s + 126 = 3*g. Let h = g + -18. Suppose 5*b - 210 = 3*b. Calculate the greatest common divisor of h and b.
15
Suppose -3*s + 20 = 4*p, -s + 12 = s + 2*p. Suppose -s*c = 4*h - 2*c + 4, h + 1 = 2*c. Let t be 5 - 4 - 9/h. Calculate the highest common divisor of t and 25.
5
Suppose -31 = -4*f + 5. Calculate the greatest common divisor of f and 1.
1
Let l be ((-12)/(-9))/((-2)/(-108)). Let g be (-124)/(-9) - (-16)/l. Calculate the highest common factor of g and 28.
14
Suppose n = -5*i + 201, -2*n = -0*i + 2*i - 82. What is the greatest common divisor of i and 20?
20
Let y(t) = -t**2 + 14*t - 1. Let n be 3 + 5/(10/16). Let d be y(n). What is the highest common divisor of 80 and d?
16
Let z(d) = 15*d - 15. Let m be z(11). Calculate the greatest common factor of 60 and m.
30
Suppose t - 2 = -s, 2*s + s - 5*t - 22 = 0. Let z be (-64)/12*6/(-4). What is the highest common divisor of s and z?
4
Let g be 22/33 - (-40)/(-6). Let l be (g/(-2) - -20) + -4. What is the greatest common factor of l and 95?
19
Let d = -3 + 24. Calculate the highest common factor of 14 and d.
7
Let j = 81 - 63. What is the highest common divisor of 45 and j?
9
Let g(a) be the third derivative of -1/3*a**3 - 3*a**2 + 0*a - 1/24*a**4 + 5/12*a**5 + 0. Let n be g(3). What is the highest common divisor of 20 and n?
20
Let x(i) = -2*i**2 - 5*i - 3. Let a be x(-6). Let n = a + 73. Let m = n + -6. Calculate the highest common factor of m and 33.
11
Suppose -3*b = -6*b + 81. What is the highest common factor of 216 and b?
27
Suppose -3*w + 318 = 4*f + f, 0 = 2*f + 3*w - 129. Let u be -2*1/(-2) + f. What is the highest common factor of 16 and u?
16
Let t = -3 - -5. Let a(n) = -7*n**2 + 2*n**2 + n**3 - n**t + 